u + o. Suppose -4*x = 2*d - 3*d - 38, -u*x + 4*d + 42 = 0. Calculate the greatest common factor of 4 and x.
2
Suppose 0 = v + 3*h - 52 - 44, -4*v + 2*h = -370. What is the highest common factor of 3534 and v?
93
Suppose 0*i + 3*r + 4 = 4*i, 3*i = r + 8. Suppose 0 = -5*c - 1 + 6, -i*b - 2*c = -30. What is the highest common divisor of b and 49?
7
Let d(t) = -32*t**2 - 8*t - 10. Let q be d(-2). Let o = -73 - q. Calculate the greatest common factor of 98 and o.
49
Suppose -h + 1 + 2 = 0. Suppose -c - 4 = 2*q, 4*q + 17 = -c + h. Calculate the greatest common divisor of c and 42.
6
Let c be (-2)/(-7) + 156/(-7). Suppose 0 = -z + 4*s + 36, -3*z + 0*s = s - 160. Let x = c + z. Calculate the highest common divisor of x and 12.
6
Let d(n) = 5*n**2 - 14*n - 36. Let b be d(-6). What is the greatest common divisor of 627 and b?
57
Let x(h) be the first derivative of h**3/3 + h**2/2 + 8*h - 7. Let z be x(-4). What is the greatest common factor of z and 140?
20
Let f be (-3 - 15/20)/(1/(-8)). Calculate the highest common divisor of f and 162.
6
Suppose w - 6*w = -55. Suppose -w = 5*v - 86. Suppose 3*b = -b + 540. Calculate the greatest common divisor of b and v.
15
Let a = 1 + 75. Suppose -4*j + 23 = s, -4*j + 0*s + 2*s + 26 = 0. Suppose -j*l + 0*l = -114. What is the highest common factor of l and a?
19
Let f be 1/((5 + -4)/(-14)). Let g = f + 17. Suppose 1 = -g*m + 4. Calculate the highest common divisor of 3 and m.
1
Let y(q) = q**2 - 16*q + 14. Let k be y(15). Let g be 5/k*(-54)/30. What is the highest common divisor of g and 9?
9
Suppose 2*z + 2*z + 4*q - 4 = 0, 2*z + q = 7. Suppose 80 = z*n - 2*n. Let r be 45/n + 2/(-8). Calculate the highest common factor of 2 and r.
2
Let z(t) = t**3 + 11*t**2 + 4*t - 23. Let c be z(-10). Calculate the highest common factor of c and 1.
1
Suppose 16*g = 656 + 352. What is the greatest common factor of g and 27?
9
Let m = -133 + 134. Calculate the greatest common divisor of m and 4.
1
Let i(c) = -157*c - 5. Let g(z) = -158*z - 6. Let o(p) = 4*g(p) - 5*i(p). Let n be o(1). Calculate the highest common factor of 14 and n.
14
Let r(t) = 8*t**2 + 90*t - 9. Let s be r(-15). What is the greatest common divisor of s and 392?
49
Let a = -13 - -69. Suppose 0 = -2*d + 2*n + 14 - 18, 22 = 7*d - 3*n. What is the greatest common factor of a and d?
7
Let g be (-2 - -55) + (-17 - -18). What is the highest common factor of g and 837?
27
Let g(x) = -7*x - 225. Let p be g(-43). Calculate the highest common divisor of 95 and p.
19
Let m(z) = 17*z + 74. Let w(u) = 11*u + 49. Let s(l) = -5*m(l) + 7*w(l). Let f be s(-5). What is the greatest common divisor of f and 13?
13
Suppose -4*b + 482 = 2*u, u - 288 = -3*b - 50. What is the highest common divisor of u and 95?
19
Let w(o) = 15*o + 11. Let a be w(9). Suppose -a + 34 = -4*y. Suppose 0 = -4*z + 8 + 8. Calculate the greatest common factor of y and z.
4
Let u be -4 - (-3 - (-1 - -4)). Let r = u + 12. Calculate the greatest common divisor of r and 126.
14
Let y = 13 + -11. Suppose -3*r + 5*r + 5*m = 190, y*r = 3*m + 222. Calculate the greatest common divisor of r and 15.
15
Let f = -376 - -394. Let n(b) = -b**3 - 5*b**2 - 7*b - 5. Let c be n(-4). Suppose -c*d + 10*d - f = 0. Calculate the greatest common factor of d and 30.
6
Suppose 2*m - 8 + 0 = 0. Suppose 5*p + 44 = 3*x, 0 = m*p + 24 - 8. What is the highest common factor of x and 32?
8
Let w = -154 + 159. What is the greatest common divisor of 15 and w?
5
Suppose 2*g - 25 = -4*l + 39, 8 = -4*g. Suppose 0 = 2*y + 9 - l. Let a(u) = u**2 + 4*u + 4. Let t be a(4). Calculate the greatest common divisor of y and t.
4
Let a(i) = 7*i**2 + 17*i. Let g be a(-5). What is the greatest common factor of 10 and g?
10
Suppose 7*v = 191 - 2. What is the greatest common factor of 63 and v?
9
Let q = 1794 - 1786. Calculate the highest common divisor of q and 364.
4
Let n be ((-9)/2 + -6)*-4. Calculate the greatest common divisor of 518 and n.
14
Let v = -41 - -17. Let q = 44 + v. What is the greatest common divisor of q and 50?
10
Let r(z) = -z**3 + 10*z**2 - 20*z - 13. Let i be r(6). What is the highest common divisor of i and 17?
1
Suppose 0 = k - 24 - 0. Let h(l) = 2*l**2 + 29*l - 3. Let t be h(-15). Calculate the greatest common factor of k and t.
12
Suppose -z - 40 = -2*f + 175, 0 = f + 3*z - 111. Let n(x) = x + 12. Let u be n(6). Calculate the greatest common factor of u and f.
18
Suppose -1764 = -8*s - 13*s. Calculate the highest common divisor of s and 48.
12
Let p be ((-12)/18 - (-2)/3) + 539. Suppose -3*b + p = 4*b. What is the highest common divisor of 7 and b?
7
Let b = 586 + -352. Calculate the highest common factor of 26 and b.
26
Let b(t) = -2*t. Let s be b(-1). Suppose -5*r = j - r - 8, 0 = -4*j + s*r + 14. Let d = j + 8. What is the highest common factor of 12 and d?
12
Let k = 202 + -194. Calculate the highest common divisor of k and 16.
8
Let a(z) = -12*z + 117. Let p be a(3). What is the greatest common factor of 45 and p?
9
Suppose 4 = -g + 3*f - 0*f, 0 = -5*f + 15. Suppose -l = g*i - 8, 0 = 2*l - 7*l + 5*i + 70. Calculate the highest common divisor of l and 65.
13
Suppose 2*n - y - 8 = 0, 0*n - y = 5*n - 6. Suppose -62 = 19*z - 81. What is the highest common factor of n and z?
1
Let y(g) = -3*g**3 - 13*g**2 - 6*g + 15. Let f be y(-8). Calculate the highest common factor of 13 and f.
13
Suppose 4*i = 20 + 12. Let d be ((-4)/10)/(i/(-2160)). What is the highest common divisor of 12 and d?
12
Let a = 226 + -206. Calculate the highest common factor of 1360 and a.
20
Let w(n) = n**2 + 27*n + 82. Let u be w(-24). Calculate the highest common divisor of u and 2.
2
Suppose -6*r = 7 - 1. Let x be 18*r/((-8)/12). Let h(n) = 215*n + 1. Let q be h(1). What is the highest common divisor of x and q?
27
Suppose -d + 5*d + 192 = 2*c, 3*c + 2*d = 288. What is the highest common divisor of 9 and c?
3
Suppose 0 = -5*c + 4*v + 398, -c + 5*v = c - 166. Calculate the highest common factor of c and 91.
13
Let o(b) = 13*b - 45. Let p be o(7). Calculate the greatest common factor of 2944 and p.
46
Let z be 3/12 - 14/(-8). Suppose -212 + 30 = -z*y. Calculate the highest common divisor of y and 13.
13
Let f be (32/112)/(1/14). Suppose f = 2*l - 2. Suppose 0 = -4*h + 10 + 6, 3*z = l*h. Calculate the greatest common divisor of 10 and z.
2
Suppose -4*r = -16, -2*d - r = -d - 25. Calculate the highest common divisor of d and 777.
21
Let j be ((-27)/4)/(4/16). Let c = 48 + j. Let k be 285/c + (-12)/(-28). What is the highest common divisor of 42 and k?
14
Let t = -1447 + 2477. Let s = t + -688. What is the greatest common divisor of s and 38?
38
Let d be (-75*(-12)/18)/((-8)/(-20)). What is the greatest common divisor of d and 5?
5
Suppose 4821*u = 4806*u + 510. Calculate the highest common divisor of 1 and u.
1
Suppose 58 = 3*g - 74. Let m = g + 16. Calculate the greatest common divisor of m and 40.
20
Let l be -4 + (-3)/3*4. Let a = l + 26. Calculate the highest common divisor of a and 162.
18
Let t(o) = 32*o**2 - 31 + 0*o**3 - 18*o**2 - 10*o - 4*o**3 + 3*o**3. Let r be t(13). What is the highest common divisor of 72 and r?
8
Let h be ((-69)/2)/(6*(-4)/160). Let l = h - 162. Calculate the highest common factor of 4 and l.
4
Let i(r) = 4*r**2 - 34*r + 15. Let v be i(10). Calculate the greatest common divisor of 100 and v.
25
Let k = -12 + 25. What is the highest common factor of 13 and k?
13
Let t = -6 + 5. Let b be t + (8 + -4 - 7). Let j be b/20*(-1 + -4). Calculate the greatest common divisor of 3 and j.
1
Let a be 53*-1*-1 - 2. Let s = a + 3. Let c be 3 + 0 - (-5 - -2). What is the highest common divisor of c and s?
6
Let l(d) = 23*d - 94. Let p be l(10). What is the highest common factor of 34 and p?
34
Let h be (-37)/(-7) - (-3 + 92/28). Suppose -2*u + 407 = 3*v, 82 = 4*v - h*u - 453. What is the greatest common divisor of 54 and v?
27
Suppose -82 - 197 = -3*l. Calculate the highest common factor of l and 124.
31
Let w be (-754)/(-30) - (-2)/(-105)*7. Calculate the greatest common factor of w and 175.
25
Let z(x) be the third derivative of x**4/8 + 33*x**3/2 - 6*x**2. Let a be (-1)/(-1)*-1 - -1. Let h be z(a). What is the highest common divisor of 11 and h?
11
Suppose 0 = 5*v - 32 + 12. Calculate the greatest common divisor of v and 14.
2
Suppose 52*r +